- 3*c + 0*c + c**2 + c + 6*c**3. Give x(t).
16
Let x be (41/3)/(-3*2/(-18)). Let k = x + -35. Let v(o) = -3*o - 8. Let g(t) = -2*t - 5. Let z(h) = -7*g(h) + 5*v(h). Give z(k).
-11
Let o(z) = 8*z**2 - z**2 + 6*z + z**3 + 10 - 8*z + 3*z. Give o(-7).
3
Let h(d) = -17*d + 3. Let k(o) = 3*o + 20. Let q be k(-6). Let p(m) = 1 + 18*m + q - 2 - 5. Let y(g) = 3*h(g) + 2*p(g). Determine y(1).
-14
Suppose -23 = 3*b - 2*q, -b - 3*q - 9 = -4*q. Let v(g) = 2*g + 16. Give v(b).
6
Let t(r) = r**3 + 2*r**2 - 2*r - 1. Let s = -14 + 24. Let z = s - 5. Suppose -3*a = -a + z*l - 29, -3*a - 5*l = -31. Determine t(a).
11
Let a(y) = 13*y - 24*y + 10*y - 1 + 0 + 5. What is a(8)?
-4
Let u = 466 - 471. Let k(o) = 0*o + 3 - 6*o + 1. Let s(d) = d. Let g(m) = -k(m) - 5*s(m). What is g(u)?
-9
Let u(b) be the second derivative of -5/2*b**2 - 2/3*b**3 - 3*b + 1/3*b**4 + 1/20*b**5 + 8. Determine u(-4).
11
Let a(c) = 21*c - 9 - 27*c + 6 + 39. What is a(7)?
-6
Let i(y) = -y + 2. Let q be i(-3). Suppose 0 = q*l + 2*l + 28. Let p(a) = -a**3 - 5*a**2 - 6*a - 6. Give p(l).
2
Let g(j) = 5*j - 7. Let n be g(3). Suppose 10*k - n*k = 6. Let q be (-3)/(1 - 2) + k. Let v(f) = f**2 - 6*f + 8. What is v(q)?
8
Let g be (-52)/60*-3 - (-9)/(-15). Let i(v) be the third derivative of -1/120*v**6 + 0*v - 4/3*v**3 + 0 - 9*v**g + 1/10*v**5 + 1/12*v**4. What is i(6)?
4
Let o(w) = -9*w**3 + 2*w**2 - w. Let r be o(1). Let u(m) = -2*m**2 - 16*m - 18. Let x be u(-1). Let y = x - r. Let t(s) = -3*s + 5. Determine t(y).
-7
Let i(o) = 11*o**3 + 20*o**2 + o + 12. Let r(n) = -4*n**3 - 7*n**2 - 4. Let a(w) = -3*i(w) - 8*r(w). Suppose 14*y + 119 = 77. Give a(y).
-4
Let i(n) be the first derivative of -n**3/3 + 5*n**2/2 - 4*n - 2. Suppose 3 = 2*k - 5. Suppose -15 = -k*a + a. What is i(a)?
-4
Let d(j) = -j**2 + 5*j + 3. Suppose 11*h + 85 = 162. Calculate d(h).
-11
Let t(q) = q - 2. Let z be t(2). Let w be (2 - -2)/(12 - 10). Let g(j) = -w - 3 - j - 4 + 3. What is g(z)?
-6
Let d(t) = t**3 - t - 1. Let n be d(-1). Let f = -52 + 54. Let a(r) = 4*r**2 + 2*r - 2. Let c(l) = l**2 + l - 1. Let h(x) = f*c(x) - a(x). Calculate h(n).
-2
Let z(w) = -19*w - 4*w**2 - w**3 + 18*w - 12 + 4*w**2 + w**2. What is z(0)?
-12
Suppose 3*j - 332 = -347. Let t(z) = -z**2 - 5*z + 6. Give t(j).
6
Let o(y) = 2*y - 2. Let c(n) = -3*n + 3. Let j(t) = 3*c(t) + 5*o(t). Let b(m) = 5*m - 6. Let v(l) = -b(l) + 4*j(l). Suppose 0 = 4*g + 8 + 8. What is v(g)?
6
Let o(k) = k**2 + 5*k - 3. Let x be (-4)/9 - (40/72 + 3). Determine o(x).
-7
Let i(m) = -3 + 1 - 2 + 3. Let c(f) = -f**2 - 5*f - 4. Let q(n) = -c(n) + i(n). Determine q(-5).
3
Let t(y) be the first derivative of -4*y**3/3 - y**2 + y - 6. Let p be (15/10)/((-1)/(-2)). Suppose -2*u - 10 = -2*l, -2*u - 13 = p*u - l. What is t(u)?
-11
Let u(q) = 2*q**2 + 2*q + 3187*q**3 - q - 3183*q**3. What is u(-1)?
-3
Let l(n) be the second derivative of -n**3 - n**2/2 - 2*n - 6. Suppose 3*u + 3 = 6. What is l(u)?
-7
Let b(x) be the second derivative of x**3/2 - 3*x**2/2 - 4*x. Let g = -310 - -313. Give b(g).
6
Let k(y) = y**3 + 4*y**2 - 6*y - 6. Suppose 0 = 2*m - 2*i - 10, 4 = -4*m - 3*i + 3. Let f be (-1)/(-2)*-6 - m. What is k(f)?
-1
Let p(f) = 2*f**2 + 18*f**3 + 4*f**3 + 85847*f - 85849*f - 2. What is p(-1)?
-20
Let h(m) = -m**2 - 7*m - 4. Suppose 70 + 30 = -20*p. Give h(p).
6
Let u(n) = -2*n**2 + n + 1. Suppose 0 = -70*l + 58*l - 24. What is u(l)?
-9
Let t(u) be the first derivative of u**4/4 - 8*u**3/3 - u**2/2 + u + 422. Determine t(8).
-7
Let u(m) = 11*m**2 + 11*m + 4. Let h(f) = -6*f**2 - 5*f - 2. Let t(o) = -7*h(o) - 4*u(o). Let c be 288/(-44) - (-768)/1408. Give t(c).
-20
Let j be 2/3*6 + 3. Suppose -j*x + 48 = -x. Suppose 0 = 2*d + 4 + x. Let t(w) = w**2 + 5*w - 7. What is t(d)?
-1
Let t(j) = -3*j**3 + 2*j**2 + 3*j + 2. Let a be t(-1). Suppose 12 = -a*n - 0. Let d(z) = -z**2 + 0*z**3 + 4*z**2 + z**3 - 4*z + 6*z. What is d(n)?
-6
Suppose -4*o = 4, -4 = -q + 3*o - o. Let u(i) = i - 12*i**2 + 1 + i**3 + 27*i**2 - 4*i**q - 10*i**2. Calculate u(-1).
0
Let c(i) be the first derivative of -i**5/60 + i**4/24 + 5*i**3/6 - i**2/2 - 18. Let x(z) be the second derivative of c(z). What is x(5)?
-15
Let s(j) be the first derivative of 11 + 1/12*j**4 + 0*j + j**2 - 1/3*j**3. Let h(l) be the second derivative of s(l). Calculate h(3).
4
Let o(z) be the first derivative of -z**3/3 + 2*z**2 + 19*z + 198. Determine o(6).
7
Let u(l) = l**2 - 3*l - 7. Let j = 96 - 99. Let s be (18 - 3)/(j/(-1)). Calculate u(s).
3
Let w(h) = -2. Let g(m) = -m**3 - 5*m**2 - 5*m + 8. Let p(n) = -g(n) - 4*w(n). Calculate p(-4).
-4
Suppose -8*o = -11*o + m - 4, -5*o + 4*m = -5. Let n(c) = -c**2 - c. What is n(o)?
-6
Let d(u) = 2*u + 5. Let z(o) = 6*o + 11. Let i(t) = 13*d(t) - 6*z(t). Give i(-1).
9
Suppose -5*x + 2 = -5*w + 3*w, w - 4 = 0. Suppose -j + 5*h = -2*j - 22, x*j + 9 = -3*h. Let b(o) = -2*o**2 + 0 - 1 - o**2 + o + j. Determine b(2).
-8
Suppose b + 52 = -0*b. Let h = -46 - b. Let v(y) = -y**2 + 7*y - 9. Determine v(h).
-3
Let z(t) = t**2 + 7*t + 15. Let g be z(-6). Let d(u) = 3*u + 6 - 17*u + g*u + 9*u. Determine d(-5).
-14
Suppose -3*v + 9*l = 4*l - 9, 0 = v + 5*l - 3. Suppose v*m + 12 = 5*m. Let r(n) = n**2 - 7*n + 9. Calculate r(m).
3
Let a(u) = -u**3 - 6*u**2 - 7*u. Suppose -6*y = -5*g - 10*y - 45, -5*g - y = 30. What is a(g)?
10
Let v(j) = 2*j - 9. Let f be 284/56 - (-1)/(-14). Determine v(f).
1
Suppose 7*y = -3*k + 4*y - 12, -k = 3*y + 8. Let j(c) = -2*c. Determine j(k).
4
Let f(a) be the second derivative of -a**4/12 - a**3/2 - a**2 + 44*a. Let p be -1 + -1 + (-2 - -1). Calculate f(p).
-2
Let v(t) = -t + 2 - 3 + 3 - t. Suppose -66*u + 18 = -62*u - 3*f, 0 = -3*u + 3*f + 15. Determine v(u).
-4
Let r(z) = -2*z - 1. Let p be r(-2). Let t(c) = 2 + p*c - 2*c - 3*c + 5*c. Let f = 30 + -28. Calculate t(f).
8
Let r(j) = j**2 - 2*j - 3. Let b = 3 - 5. Let f be 8/(-36) + b/(-9). Suppose -2*d - 22 = -4*h, h - 5*d + 8 - 36 = f. Determine r(h).
0
Let z(q) be the third derivative of q**4/8 - 3*q**3/2 + 35*q**2. Give z(4).
3
Let q be (-2)/(-6)*(5 + 1). Suppose 3*b - 7*b = -8. Let d(i) = -12*i**b + 6*i**q - 7*i - 1 - 6 + 5*i**2. What is d(-6)?
-1
Let w(y) = 2*y + 9. Suppose -5*o - 71 = 4*p, -p + 121 = -5*p + 5*o. Let q = p - -28. Suppose 3*r = -r - 3*x - 12, 5*r + 46 = q*x. What is w(r)?
-3
Suppose 2*v - 240 = -46*v. Let j(i) = -i**2 + 5*i - 11. What is j(v)?
-11
Let a(v) be the first derivative of -v**3/6 - v**2/2 + 5*v + 5. Let z(u) be the first derivative of a(u). Give z(3).
-4
Let c(g) = g - 3. Let j(o) = 3*o**2 + 29*o + 30. Let r be j(-1). Determine c(r).
1
Let v(a) = 2*a - 3. Let b(z) = -3*z + 6. Let x(h) = 3*b(h) + 5*v(h). Let n(w) = 2*w + 2. Let q(j) = 2*n(j) - 3*x(j). Give q(7).
2
Let r = -30 - -31. Let o(l) = -2*l + r - 4 - 3 + 5 + l**2. Calculate o(3).
2
Suppose 2*y - 6 = z + 2, 0 = -2*y + 3*z + 8. Let r(x) = x + 8 + 0*x + 6*x**2 + 0*x. Let b(l) = -5*l**2 - 7. Let k(w) = -5*b(w) - 4*r(w). Give k(y).
3
Let y(g) = g**2 + 8*g + 8. Suppose 14 = -6*s - 22. What is y(s)?
-4
Let d(x) = x**3 + 5*x**2 + 3*x + 1. Let s = -2 + 3. Suppose s = 4*r + 9. Let f be d(r). Let g(v) = -v**3 + 6*v**2 + 7*v - 2. Calculate g(f).
-2
Let f be (-3)/9 - 40/6. Let r(l) be the first derivative of -l**2/2 - 14*l - 5934. What is r(f)?
-7
Let l(y) = -2*y + 2. Let n = 7 - 10. Let q be (n - 16/(-4))*-5. Give l(q).
12
Let j(c) = -c - 5. Let b = 8 + -8. Suppose b = z - 1 + 5. Calculate j(z).
-1
Let q(o) = 6*o**2 - 9*o - 4. Let a(m) = -m - 1. Let s(k) = -6*a(k) + q(k). What is s(2)?
20
Let y be (4/(-8))/((-2)/(-8)). Let z(t) be the third derivative of t**4/6 - 15*t**2 - 2. Give z(y).
-8
Let j(m) = m**3 - 4*m**2 + 3*m. Let u = -4 + 7. Let y be j(u). Let o(d) = -13 - d**2 + 1136*d - 565*d - 571*d. Give o(y).
-13
Let b(l) be the second derivative of 0*l**3 + 0 - 1/2*l**2 - 11*l + 17/12*l**4. Let n(f) = 16*f**2 - 1. Let o(w) = -5*b(w) + 6*n(w). Give o(1).
10
Suppose 0 = -4*k - k. Let i(a) = 5*a + a**2 - 2*a**2 - 5*a + 7384 - 7391. What is i(k)?
-7
Let a(l) = -9*l. Let o(v) = -81*v + 325. Let d be o(4). Give a(d).
-9
Let d(m) be the third derivative of m**9/60480 - m**8/2880 - m**7/5040 + m**6/120 - m**5/30 - 3*m**2. Let h(c) be the third derivative of d(c). What is h(7)?
-1
Let n(g) = -g - 6. Let y be 8/(-12) - 21/9. Give n(y).
-3
Let o(r) = 8*r + 2. Let n(v) = -105